.
-22
Suppose -4 = b + 2*o, b + 10 = -3*o + 4. Let k(y) = -y**2 + 48 + 248*y - 534*y + 285*y. Give k(b).
48
Let k = 64 + -34. Suppose 2*p - 5*b = p + k, 0 = p + b. Let o(x) = 3*x**2 + 7*x + 19. Let r(y) = 2*y**2 + 5*y + 13. Let i(l) = p*o(l) - 7*r(l). Determine i(0).
4
Let z = -103206 - -103217. Let i(q) = 4*q + 0 + 13 - 7*q. What is i(z)?
-20
Let c(q) = 3*q**2 - 52*q - 42. Let a be c(18). Suppose 1 + 5 = h. Let k(g) = -4*g - 7*g**2 - h - 4*g + 6*g**2. Give k(a).
6
Let a(r) = 34*r**2 - 15*r**2 + 1224703*r - 1224770*r - 24 + r**3. Calculate a(-22).
-2
Let z(p) = 14*p - 10. Let q(n) = -99*n + 72. Let m(g) = 5*q(g) + 36*z(g). Suppose -15*y + 20*y = 25. Suppose y*l = -x + 10, -l = -0*x - x + 4. Give m(l).
9
Suppose -2*f + 3*x = -2, -4*x = -119*f + 123*f - 24. Let c(w) = 2*w**2 - 7*w + 5. Give c(f).
9
Suppose 0 = -y + a - 6, -2*a + 13 + 3 = -4*y. Let d(g) = -3*g**3 - 11*g**2 - 15*g - 5. What is d(y)?
5
Let w(h) = h + 9. Let r(b) = b**3 - 23*b**2 - 25*b + 21. Let n be r(24). Let s(l) = l. Let a be s(n). Let f(m) = m**3 + m**2 - 3*m. Let c be f(a). Give w(c).
0
Let r(w) = -10*w + 10. Let x(f) = 7*f - 7. Let c(i) = 5*r(i) + 7*x(i). Let a be 4/8*-9*(-28)/(-21). Let d be c(a). Let g(l) = l + 4. Determine g(d).
11
Let h(y) = y**3 - 53*y - 5*y**2 - 3 - 53*y + 110*y. Let w be (-1160)/(-300) - (34/(-30) - -1). Give h(w).
-3
Suppose -11 = -5*d + f, -3*d - 8 = f - 13. Let u(a) = -8*a**2 - 16*a**d - 9 + 8. Calculate u(1).
-25
Let q be 4 - (4 + -3)*1. Suppose -22 = -4*o + 2*o - q*x, 0 = 2*o + 2*x - 18. Let l = o - 12. Let c(u) = u + 8. What is c(l)?
1
Let i = 326 + -321. Suppose -2*o + i*b - 20 = 0, 0 = -5*o + b - 0*b - 50. Let w(u) = u**3 + 9*u**2 - 11*u - 3. Give w(o).
7
Let s(w) = 2*w**3 + 14*w**2 + 8. Suppose 5*p = -5*x - 15, 6*x - 3*x + 4*p = -5. What is s(x)?
8
Let z(f) = -85*f + 178. Suppose -289*p = -350*p + 122. Give z(p).
8
Let n = -1319 + 1324. Let l(f) be the second derivative of f**3/6 + f**2 + 16*f. What is l(n)?
7
Let r(v) be the first derivative of 4*v**3/3 + 10*v**2 + 11*v - 5820. What is r(-5)?
11
Let k(h) = -h**3 + 9*h**2 - 6*h + 11. Let m(l) = 5 + 11*l**2 - 10*l**2 + 38*l + 75. Let u be m(-36). What is k(u)?
27
Let v(p) = 8 + 16 - 3*p**2 + 86*p**3 - 40*p**3 - 45*p**3 - 2*p + 2*p**2. Give v(0).
24
Let l = 3133/184380 + -1/3073. Let q(u) be the third derivative of 0*u - 1/3*u**3 + 7/24*u**4 + l*u**5 + 0 + 7*u**2. What is q(-6)?
-8
Let t(z) = 3*z. Let r(q) = q**3 + 8*q**2 - 3*q - 69. Let l(g) = -g + 6. Let f be l(13). Let n be r(f). What is t(n)?
3
Let g(t) be the second derivative of -5*t**3/6 + 71*t**2/2 - t + 1117. Calculate g(16).
-9
Let f(w) = -8*w + 384. Let m(h) = h - 96. Let k(p) = -f(p) - 4*m(p). Determine k(-1).
-4
Suppose -4*v = x + 49, -9 = 2*x - 5*v + 50. Let j = x + 40. Suppose 0 = 2*g + j*t + 6, -g + 5*t = g - 26. Let h(q) = -2*q - 4. What is h(g)?
-10
Let h(x) = -2. Let u(p) = p**3 + 18*p**2 + 45*p - 13. Let q(m) = -4*h(m) + u(m). Let d be q(-15). Let k(z) = -2*z**2 - 4*z - 4. Calculate k(d).
-34
Let o(m) be the first derivative of 12*m + 4*m**2 + 3*m**3 - 55 - 1/4*m**4. Calculate o(10).
-8
Let t(x) = 2*x - 3*x - 7*x + 6 + x**2. Let g = -11370 + 11375. Determine t(g).
-9
Let q be -6 + 60/9 + 2/(-3). Let j be (-71 - -73) + (1 - (-3 + q)). Let d(t) be the first derivative of -3*t**2/2 + 5*t - 1. What is d(j)?
-13
Let t(p) = -p**2 - 7*p + 13. Let x = -8556 + 8547. Calculate t(x).
-5
Let k(z) = 3*z**2 - 14*z - 13. Let l(c) = -5*c**2 + 21*c + 20. Let i(u) = -8*k(u) - 5*l(u). Suppose 129 = -4*m + m. Let h = m - -40. Calculate i(h).
-8
Let a(w) = -6*w**2 - 4*w - 1. Let t = -46646 + 46648. Calculate a(t).
-33
Let k(b) = -b**2 + 24*b - 19. Suppose 4*c = 226*c + 452 - 4670. Determine k(c).
76
Let g(o) = o**3 + 3 + 0*o + 5*o**2 - o - 3*o + 0*o**3. Let u(a) = -2*a**2 - a + 31. Let p be u(5). Let z be -4*(7/3 - (-20)/p). What is g(z)?
-9
Suppose -4*q - s - 188 = -13*q, 4*q - 82 = 2*s. Let r(d) = -6*d + 130. Determine r(q).
4
Suppose 8*q + 22*q = -690 + 630. Let k(v) = -35*v - 41. Determine k(q).
29
Let u(l) be the first derivative of -2*l**2 + 5*l + 9. Let s = 75 - 109. Let d = s + 40. What is u(d)?
-19
Let y(c) be the third derivative of -c**4/4 + 19*c**3/3 - 22*c**2 - 30*c. What is y(3)?
20
Let l(y) = 23*y - 261. Let f be l(11). Let p(c) = -1 + 4 - 8*c - c**2 - 4. Give p(f).
-1
Let m(c) = -1029*c + 573*c + 467*c - 171. Determine m(16).
5
Let l(f) = f**2 + 10*f - 6. Let p be l(-11). Let h(m) = -5*m + 19. Let a be h(p). Let q(w) = -3*w + 5 + 0 - w**2 - 2 - 4*w. Give q(a).
9
Let i(c) = -c**3 - 4*c**2 + 2*c - 7. Suppose -1530 = 742*s - 751*s. Let j be ((-1 - -3)*-1)/(s/425). What is i(j)?
8
Suppose 0 = -33*u + 10*u + 5359. Let c = u + -230. Let o(g) be the first derivative of -g**3/3 + g**2/2 - g - 3. Determine o(c).
-7
Let j = 36 - 41. Let o(d) = 2*d**2 + 5*d + 91. Let q(w) = -2*w**2 - 5*w - 75. Let l(b) = -5*o(b) - 6*q(b). Give l(j).
20
Let o(a) = 5*a + 1. Let z be ((-28)/(-6) - 4)/((-4)/(-12)). Suppose -3*u + 35*w = 39*w - 1, -4*u + z*w = -38. Calculate o(u).
36
Let z(k) = -4*k**2 - k + 8. Suppose 0 = 3*a - 29 - 106. Let b = 40 - a. Let o(y) = -3*y**2 - 2*y + 7. Let w(m) = b*o(m) + 4*z(m). Give w(4).
5
Let o(b) = b**3 + 2*b**2 - 3*b + 4. Let a be o(-3). Suppose 0 = -a*h + 99 + 137. Let w = h + -55. Let q(x) = x**2 - x - 5. Determine q(w).
7
Let g(l) be the third derivative of l**6/120 - 11*l**5/60 + l**4/12 + 11*l**3/6 - 461*l**2 - 2*l - 1. Calculate g(11).
33
Let m(j) = 5*j**2 - 4*j + 585. Let v(l) = -l**2 + l - 118. Let c(a) = 3*m(a) + 14*v(a). Calculate c(0).
103
Let w(s) = s**2 - 14*s - 84. Let t be w(26). Let p = 233 - t. Let g(n) = 4 + 6*n + 3*n**2 - 5*n**2 + n**2. Give g(p).
9
Let a(o) = -3*o - 1. Let u(x) be the second derivative of x**3/3 - 5*x**2/2 + x. Suppose -63*m + 231 = 14*m. Let h be u(m). Calculate a(h).
-4
Let s(j) be the second derivative of -j**5/20 - j**4/4 - j**3 - 6*j**2 - 5787*j. Give s(-3).
6
Let g = 975 + 2239. Let w(l) = g + 3211 - 6430 + 3*l. Give w(3).
4
Suppose -73 = 697*c - 624*c. Let u(p) = -160*p - 3. What is u(c)?
157
Suppose 4*p - 3*p + 13 = 0. Let t(q) = -26*q + 1676. Let d(u) = 6*u - 371. Let x(i) = -9*d(i) - 2*t(i). Calculate x(p).
13
Suppose 34 = -7*r + 139. Let m(b) = -b + 18. Let f be m(r). Let u(y) be the second derivative of -y**4/12 + 2*y**3/3 - y**2/2 + 27*y. Determine u(f).
2
Let y(w) = 23*w**2 + 87*w - 97. Let g(n) = -16*n**2 - 58*n + 68. Let r(d) = 7*g(d) + 5*y(d). Determine r(-10).
1
Let h(w) = w**3 - 5*w**2 - 7*w. Let m be -1 - -58 - (3 - 8/4). Let s be ((-270)/(-105))/(2/m). Suppose -13*j + 6 = -s. Give h(j).
-6
Let z(l) be the third derivative of 11*l**4/24 + 2*l**3/3 - 4*l**2 + 155*l. Calculate z(0).
4
Let f(h) be the third derivative of -h**6/120 - 11*h**5/30 - 23*h**4/24 - 13*h**3/2 - 1035*h**2. What is f(-21)?
3
Let z(j) be the third derivative of -5*j**2 + 0*j**3 + 5*j + 1/3*j**4 - 1/20*j**5 + 0. Give z(4).
-16
Let j(q) = q**3 - 6*q**2 + 5*q - 6. Let w(n) = n**3 + 18*n**2 - 41*n - 20. Let i be w(-20). Suppose 4*r - g - 15 = -i*g, -2*g - 5 = -3*r. Give j(r).
-6
Let w(i) = 15*i**2 - 2*i + 141. Let r(p) = 7*p**2 - 2*p + 68. Let z(d) = -13*r(d) + 6*w(d). Give z(5).
7
Let w(q) = -668*q + 1339. Let t be w(2). Let a(h) = -2*h**2 + 7*h - 1. Determine a(t).
2
Let g(k) = 2*k**2 + 143*k + 1894. Let c be g(-54). Let w(f) = 2*f + 7. Determine w(c).
15
Let g(w) = -2*w**3 - 27*w**2 + 43*w - 30. Let l be ((-4750)/1425)/(((-16)/(-18))/4). Calculate g(l).
0
Let m(r) be the second derivative of r**4/6 - r**3/3 - 55*r**2 - 70*r. Let s(x) be the first derivative of m(x). What is s(1)?
2
Let y = 4631 + -4629. Let t(z) = 10*z**3 + z**2. Calculate t(y).
84
Let v(t) = 17*t - 28. Let o be v(2). Let z(m) = 2 + 5*m**2 + 18 - 2 + m - o*m**2. Calculate z(0).
18
Suppose 0 = -3*y + 9 - 3, -5*m - 2*y = 16. Let c be (-60)/m*(-19)/95. Let r(j) = 6*j. What is r(c)?
-18
Let x(u) = -78*u**2 - 65*u - 57. Let n(y) = -11*y**2 - 9*y - 8. Let o(f) = 15*n(f) - 2*x(f). Give o(-1).
-10
Let v(i) be the third derivative of 0*i + 1/12*i**4 + 0 + 1/15*i**5 - 173*i**2 - 2/3*i**3. Give v(-3).
26
Let c(z) be the second derivative of -31*z**3/2 + 92*z**2 + 122*z - 16. Give c(2).
-2
Suppose 2 = 2*z - z. Suppose z + 18 = 5*u. Let j(q) be the second derivative of -q**5/20 + q**4/6 + 5*q**3/6 - q**2 + 518*q + 2. Calculate j(u).
-14
Let 